o = a - 164. Is 1/((-1346)/o + 2) a composite number?
False
Let g(q) = 13 + 2*q + 2 - q. Let v be g(0). Suppose 4 + v = b. Is b prime?
True
Let l = 10 - 6. Suppose 0 = 5*h + l*u - 319, -55 = 3*h - 4*h - 3*u. Is h composite?
False
Suppose u = 39 - 0. Is u a prime number?
False
Suppose 2*i + i - 81 = 0. Let n = i + 58. Is n prime?
False
Is 22*5/(-10)*-29 composite?
True
Let j(h) = 0*h**3 - 4*h**2 + 0 + 0 + 2*h**3 - 7. Is j(5) prime?
False
Suppose -2*u - a + 5 = -3*u, u = 3*a - 5. Let m be 272/20 + (-2)/u. Is -46*1/(-4)*m composite?
True
Is (-2)/7 - 12702/(-14) a composite number?
False
Let g(s) = s**2 - s + 3. Let d be g(0). Suppose -170 = -d*q + 100. Let b = q + -56. Is b a prime number?
False
Let i = -557 + 938. Is i a prime number?
False
Let u be 156/(-10)*10/2. Let n = u + 160. Is n prime?
False
Let u = -15 - -7. Let v(q) = -q**2 - 8*q + 5. Let g be v(u). Suppose 0 = 4*i - h - 60, -h = -i - g*h - 2. Is i prime?
False
Let z(o) = o**3 + 6*o**2 - 7*o + 4. Let i be z(-7). Suppose 5*l + 40 = 5*d, l = i*d + d - 40. Suppose 5*v = 7 + d, -b + 14 = -4*v. Is b composite?
True
Let q = -1082 - -1633. Is q composite?
True
Let n = -664 - -1365. Is n a composite number?
False
Let g(r) = 7*r**3 - r**2 + 4*r + 19. Is g(8) a prime number?
True
Suppose -3*x - 917 = -10*x. Is x a composite number?
False
Let c = -142 + 451. Let p = c - 106. Is p a composite number?
True
Let q(n) = n**3 - 5*n**2 - 5*n + 7. Let o be q(6). Suppose 4*y + 247 + o = 0. Let l = y + 102. Is l a prime number?
True
Let q(j) = j + 6. Let b(a) = 3*a - 4. Let p be 5 - (2 + -3)*-1. Let c be b(p). Is q(c) a composite number?
True
Let w = -487 + 1128. Is w composite?
False
Let w(d) be the first derivative of 2*d**3/3 - d**2 - d - 4. Is w(-2) a composite number?
False
Suppose 3*j = 5*w + 401, 3*j - 290 - 95 = w. Is j a composite number?
False
Let s = 2 + -6. Is (-111)/(-12) - (-1)/s a composite number?
True
Suppose -l + 496 = 3*l - 4*o, -260 = -2*l - o. Suppose 17 = -3*x + l. Is x composite?
False
Suppose 3*c - 4*x = 7, 4*c + 2*x = 2*c. Let m be 184/32 + c/4. Suppose m*i - 70 = 2*i - 2*k, i - 3*k - 28 = 0. Is i composite?
False
Let k(v) = 2*v**2 + 1. Let h(o) = 3*o**2. Let q(f) = 3*h(f) - 4*k(f). Is q(-5) composite?
True
Let i(c) = -c + 8. Let n be i(6). Suppose 2*g - 644 = -n*g. Is g prime?
False
Suppose 2*a + 79 + 33 = 0. Let c = -22 - a. Is c a composite number?
True
Let r be -2 - 0 - -5 - -219. Let v = 313 - r. Is v prime?
False
Let w be (951 - 2 - 0) + 2. Suppose 3*r - 2857 = -4*d + 6*d, -d - w = -r. Is r a prime number?
False
Let u = 296 + -39. Is u a prime number?
True
Suppose 5*v - 4*h = -6 - 5, -v + 17 = 4*h. Is (3/(-3))/(v/(-14)) a composite number?
True
Let g be 0 + 1 + 3 + -1. Suppose -5*x + 2*x = -g. Is (-1)/(2/(-6))*x a prime number?
True
Is 5/(-1*(-3)/51) a prime number?
False
Let m(l) = -4*l + 4 + 3*l - 3. Let c be m(-4). Suppose c*p - 14 = 101. Is p a composite number?
False
Let n be 1 - (0 + 0 - 1). Is -3 - (n + 1 + -353) a prime number?
True
Let k(v) = -v**3 - v + 5. Let x be k(0). Let u = x - 1. Suppose -5*d = 2*z - 101, u*d = -d - 3*z + 104. Is d composite?
False
Let z = -1 + 1. Suppose -22 = -3*s + 4*i, z = 3*s - 2*i + 1 - 21. Is 1/(-3) + 464/s a prime number?
False
Let y = 17 - 8. Let x(b) = -b**2 - 4 + 0 + 6 - y*b - 1. Is x(-4) prime?
False
Is 3/12*(5 + 1383) composite?
False
Let u be ((-10)/4)/(6/12). Is (-153)/u + 4/10 composite?
False
Let y(n) be the second derivative of 40*n**3/3 + 3*n**2/2 + 6*n. Is y(2) a composite number?
False
Let v(r) = -11*r**3 + 1. Is v(-2) a prime number?
True
Let t = -41 + 26. Let k = -8 - t. Is k a composite number?
False
Let k(n) = n**3 - 7*n**2 - 14*n - 5. Is k(10) prime?
False
Suppose 2*j = 9 + 161. Is j a composite number?
True
Suppose 2*w - q = 0, 3*w + 2*w - 30 = -5*q. Suppose 2*j - 639 = -s + 2*s, 1593 = 5*j + w*s. Is j composite?
True
Suppose -5*w + 62 = -0*w - 3*x, -w - 4*x = 6. Suppose g = 2*f - g - w, 4*f + 2*g - 32 = 0. Is f prime?
True
Let x(c) be the first derivative of -11/2*c**2 - 1 - 5*c. Is x(-4) composite?
True
Let u(a) = -34*a - 13. Is u(-6) composite?
False
Let z = -1401 - -2320. Is z a composite number?
False
Let o be (-4)/(-8)*(-164)/(-2). Let s = o + -20. Is (-156)/(-7) - 6/s prime?
False
Let x = 36 + -233. Let s = 280 + x. Is s composite?
False
Suppose j - 424 = -0*j. Let g = 719 - j. Is g composite?
True
Let o = 5257 + -2924. Is o composite?
False
Let d be 2 + 2 + -1 + 9. Let n be (d/18)/(1/6). Suppose n*z - 5*v = 101, z + 4 = 2*z + 3*v. Is z a composite number?
False
Let m = 8 + -2. Is (-46)/(-3) - 2/m a prime number?
False
Let p(q) = 59*q + 1. Let b be 3*(-2 - 8/(-3)). Is p(b) composite?
True
Let g(d) = d - 3. Let f be g(-5). Let i(z) be the third derivative of z**6/120 + 3*z**5/20 - 3*z**4/8 - 3*z**3/2 + 5*z**2. Is i(f) composite?
False
Let m(w) = w + 2*w - 2*w + 61*w**2. Let b be m(1). Suppose 5*f - b = -3*n - 1, 5*f = -4*n + 63. Is f prime?
True
Suppose 4*p + 95 - 727 = 4*i, 3*p = -3*i + 492. Is p composite?
True
Is 3/12 - (-6710)/8 prime?
True
Suppose 1 = 2*z - 3. Suppose -143 = -5*w + 77. Suppose z*s = 4*s - w. Is s prime?
False
Let b(n) = -n. Let x be b(0). Suppose x = 2*t + t + 18. Is ((-2)/t)/((-4)/(-372)) a prime number?
True
Suppose -4*q = -3*z + z - 10, -4*z = -2*q - 4. Suppose -2*f = -f - q. Suppose k - 47 = f. Is k prime?
False
Suppose -i + 4*i = -y + 1003, 2*i = -2*y + 1998. Is y composite?
False
Let w = -26 - -39. Is w a composite number?
False
Suppose 2 = 3*l - 4. Suppose 4*t = u, 0 = -l*u + t + t + 24. Suppose -5*c + 279 + u = 0. Is c a prime number?
True
Let b be (-1)/(39/21 - 2). Let m = -2 + b. Suppose -3*l - m*w = -0*w - 136, 4*w - 184 = -4*l. Is l a prime number?
True
Let x be 225 + (-1)/(-2)*6. Suppose -t = 2*w - x, 3*t - 98 - 11 = -w. Is ((-6)/(-6))/(1/w) prime?
False
Suppose o - 60 = 2. Is o prime?
False
Suppose -7*p = -16*p + 297. Is p a composite number?
True
Is 8/(-12)*6 - -1053 composite?
False
Let b(w) = 7*w**3 - w - 3. Is b(2) prime?
False
Suppose -2*m = 2*d - 526, 6*d - 3*d = -5*m + 1307. Is m a composite number?
True
Suppose 4*o = 2*p - 7 - 1, -7 = -2*p + 3*o. Let z(c) = c**2 - c - 2. Let s be z(p). Suppose w + s*w - 3*j - 43 = 0, 114 = 2*w + j. Is w prime?
False
Suppose 108 = u + 28. Let m = 115 - u. Is m prime?
False
Suppose 2*k - 39 = 5*s, -2*k - 4 = -s - 15. Let p(w) = 10*w - 5. Let v(q) = 21*q - 11. Let o(g) = -5*p(g) + 2*v(g). Is o(s) prime?
True
Suppose 0*u - 3*n = 2*u - 11, -3*n = -15. Let r be (u - -5) + (-15 - 2). Is (-531)/(-21) - (-4)/r a prime number?
False
Suppose 4*n + n = 15. Suppose -5*q - 236 = -z - 0*q, -1013 = -4*z - n*q. Is z a composite number?
False
Suppose 6*f - 3*f - 3147 = 0. Is f composite?
False
Let a = 11 - 9. Suppose v = 5*z + 294, 3*z + a*z = 3*v - 932. Is v prime?
False
Is 1*12/4*7 a prime number?
False
Let v(u) = u**3 - 3*u**2 + 5*u + 1. Let n = 14 + -10. Let b be v(n). Suppose b - 11 = z. Is z composite?
True
Let c(a) be the second derivative of -a**3/6 + 19*a**2 - 4*a. Is c(0) composite?
True
Let g(u) = 197*u + 18. Is g(13) a prime number?
True
Let r(z) = -z**2 + 5*z + 5. Let d(y) = y + 1. Suppose -3*h + 3 = 5*w - 10, -2*h = -5*w + 8. Let v(n) = w*d(n) - r(n). Is v(-2) a composite number?
False
Let n = 8 - 8. Let l(f) = -7*f**2 + 6*f - 27. Let b(d) = 15*d**2 - 13*d + 55. Let u(s) = -6*b(s) - 13*l(s). Is u(n) composite?
True
Let n be -9*((-2)/6 - 0). Suppose n*t - 2*t - 4*q + 527 = 0, -5*q + 1042 = -2*t. Is (-8)/(-36) + t/(-9) prime?
False
Let l(w) = w**2 + w - 9. Is l(-8) composite?
False
Let u be (-1 + 7)/(4/(-34)). Let k = -30 - u. Is k composite?
True
Let i be 3*(-93)/(-9) + 2. Suppose 5*x - i - 8 = 4*o, -5*o - 46 = -x. Is (-24)/o + (-2)/(-6) a prime number?
True
Let t = 44 + -31. Is t prime?
True
Let p(q) = -q**2 + 4*q + 1. Let a be p(3). Suppose -a*y + 125 = y. Is y a composite number?
True
Let k be (-8)/(-12) + (-8)/(-6). Let h be k*(-2)/8*-12. Let d(l) = 7*l - 7. Is d(h) a prime number?
False
Suppose o - j + 0 = 16, 100 = 5*o + 5*j. Suppose 2*g - 772 = o. Is g a composite number?
True
Suppose 8 + 2 = 2*f. Is 108/f - 2/(-5) a composite number?
True
Suppose -3*r + 44 = 20. Suppose u + 5*v - 60 - r = 0, -4*v = 5*u - 277. Is u a composite number?
False
Let l = 12 - 10. Suppose 4*z + 36 = -5*k, 0 = -3*k - k - 4*z - 32. Is (4/l)/(k/(-166)) p